{"id":726,"date":"2026-01-15T14:21:36","date_gmt":"2026-01-15T14:21:36","guid":{"rendered":"https:\/\/dev-lechtal-alpin.at\/?page_id=726"},"modified":"2026-04-10T09:56:33","modified_gmt":"2026-04-10T09:56:33","slug":"ski-hochtouren","status":"publish","type":"page","link":"https:\/\/lechtal-alpin.at\/index.php\/ski-hochtouren\/","title":{"rendered":"Ski Hochtouren"},"content":{"rendered":"<div class=\"wpb-content-wrapper\"><p>[vc_row full_width=&#8220;stretch_row&#8220; disable_element=&#8220;yes&#8220; css=&#8220;.vc_custom_1769689832634{margin-top: -40px !important;background-color: #E3E3E3 !important;background-position: center !important;background-repeat: no-repeat !important;background-size: cover !important;}&#8220;][vc_column width=&#8220;1\/6&#8243;][\/vc_column][vc_column width=&#8220;2\/3&#8243;][vc_column_text css=&#8220;&#8220;]<img loading=\"lazy\" decoding=\"async\" class=\"aligncenter wp-image-723\" src=\"https:\/\/lechtal-alpin.at\/wp-content\/uploads\/2026\/01\/Lechtal_Alpin_Icon_Ski_Hochtour.png\" alt=\"\" width=\"130\" height=\"130\" srcset=\"https:\/\/lechtal-alpin.at\/wp-content\/uploads\/2026\/01\/Lechtal_Alpin_Icon_Ski_Hochtour.png 481w, https:\/\/lechtal-alpin.at\/wp-content\/uploads\/2026\/01\/Lechtal_Alpin_Icon_Ski_Hochtour-300x300.png 300w, https:\/\/lechtal-alpin.at\/wp-content\/uploads\/2026\/01\/Lechtal_Alpin_Icon_Ski_Hochtour-150x150.png 150w, https:\/\/lechtal-alpin.at\/wp-content\/uploads\/2026\/01\/Lechtal_Alpin_Icon_Ski_Hochtour-280x280.png 280w\" sizes=\"auto, (max-width: 130px) 100vw, 130px\" \/>[\/vc_column_text][vc_custom_heading text=&#8220;SKI HOCHTOUREN&#8220; font_container=&#8220;tag:h4|font_size:30|text_align:center|color:%23575756&#8243; google_fonts=&#8220;font_family:Montserrat%3Aregular%2C700|font_style:700%20bold%20regular%3A700%3Anormal&#8220; css=&#8220;.vc_custom_1768486788954{margin-right: 20px !important;margin-left: 20px !important;}&#8220;][vc_custom_heading text=&#8220;Unsere Angebote&#8220; font_container=&#8220;tag:h4|font_size:30|text_align:center|color:%23575756&#8243; google_fonts=&#8220;font_family:Montserrat%3Aregular%2C700|font_style:400%20regular%3A400%3Anormal&#8220; css=&#8220;.vc_custom_1768487250248{margin-top: -20px !important;}&#8220;][vc_icon icon_fontawesome=&#8220;fa fa-solid fa-circle-arrow-down&#8220; color=&#8220;custom&#8220; align=&#8220;center&#8220; css=&#8220;&#8220; custom_color=&#8220;#575756&#8243;][\/vc_column][vc_column width=&#8220;1\/6&#8243;][\/vc_column][\/vc_row][vc_row css=&#8220;.vc_custom_1765532115639{background-color: #E3E3E300 !important;}&#8220;][vc_column][vc_empty_space height=&#8220;40&#8243;][vc_custom_heading text=&#8220;BERGKLASSIKER&#8220; font_container=&#8220;tag:h4|font_size:30|text_align:center|color:%234F84C4&#8243; google_fonts=&#8220;font_family:Montserrat%3Aregular%2C700|font_style:700%20bold%20regular%3A700%3Anormal&#8220; css=&#8220;.vc_custom_1769690131181{margin-right: 20px !important;margin-left: 20px !important;}&#8220;][vc_empty_space height=&#8220;40&#8243;][vc_row_inner][vc_column_inner width=&#8220;1\/3&#8243;][vc_single_image image=&#8220;1229&#8243; img_size=&#8220;full&#8220; onclick=&#8220;custom_link&#8220; css=&#8220;&#8220; link=&#8220;https:\/\/lechtal-alpin.at\/index.php\/wildspitze-2\/&#8220;][vc_cta h2=&#8220;&#8220; txt_align=&#8220;center&#8220; shape=&#8220;square&#8220; style=&#8220;custom&#8220; add_button=&#8220;bottom&#8220; btn_title=&#8220;DETAILS&#8220; btn_style=&#8220;outline-custom&#8220; btn_outline_custom_color=&#8220;#4F84C4&#8243; btn_outline_custom_hover_background=&#8220;#4F84C4&#8243; btn_shape=&#8220;square&#8220; btn_align=&#8220;center&#8220; css=&#8220;.vc_custom_1771837257439{margin-top: -50px !important;border-top-width: 1px !important;border-right-width: 1px !important;border-bottom-width: 1px !important;border-left-width: 1px !important;border-left-style: solid !important;border-right-style: solid !important;border-top-style: solid !important;border-bottom-style: solid !important;border-color: #E3E3E3 !important;}&#8220; custom_text=&#8220;#706F6F&#8220; custom_background=&#8220;#E3E3E3&#8243; btn_link=&#8220;url:https%3A%2F%2Flechtal-alpin.at%2Findex.php%2Fwildspitze-2%2F&#8220;]<\/p>\n<h4 style=\"text-align: center;\"><strong><span style=\"color: #706f6f;\"><img loading=\"lazy\" decoding=\"async\" class=\"aligncenter wp-image-1017\" src=\"https:\/\/lechtal-alpin.at\/wp-content\/uploads\/2026\/01\/Lechtal_Alpin_Pfeil_blau.png\" alt=\"\" width=\"25\" height=\"19\" \/><\/span><\/strong><strong><span style=\"color: #706f6f;\">WILDSPITZE<br \/>\n<\/span><\/strong><span style=\"color: #706f6f;\">ab \u20ac 150,00<\/span><\/h4>\n<p>[\/vc_cta][\/vc_column_inner][vc_column_inner width=&#8220;1\/3&#8243;][vc_single_image image=&#8220;1221&#8243; img_size=&#8220;full&#8220; onclick=&#8220;custom_link&#8220; css=&#8220;&#8220; link=&#8220;https:\/\/lechtal-alpin.at\/index.php\/grossglockner-2\/&#8220;][vc_cta h2=&#8220;&#8220; txt_align=&#8220;center&#8220; shape=&#8220;square&#8220; style=&#8220;custom&#8220; add_button=&#8220;bottom&#8220; btn_title=&#8220;DETAILS&#8220; btn_style=&#8220;outline-custom&#8220; btn_outline_custom_color=&#8220;#4F84C4&#8243; btn_outline_custom_hover_background=&#8220;#4F84C4&#8243; btn_shape=&#8220;square&#8220; btn_align=&#8220;center&#8220; css=&#8220;.vc_custom_1771837288935{margin-top: -50px !important;border-top-width: 1px !important;border-right-width: 1px !important;border-bottom-width: 1px !important;border-left-width: 1px !important;border-left-style: solid !important;border-right-style: solid !important;border-top-style: solid !important;border-bottom-style: solid !important;border-color: #E3E3E3 !important;}&#8220; custom_text=&#8220;#706F6F&#8220; custom_background=&#8220;#E3E3E3&#8243; btn_link=&#8220;url:https%3A%2F%2Flechtal-alpin.at%2Findex.php%2Fgrossglockner-2%2F&#8220;]<\/p>\n<h4 style=\"text-align: center;\"><strong><span style=\"color: #706f6f;\"><img loading=\"lazy\" decoding=\"async\" class=\"aligncenter wp-image-1017\" src=\"https:\/\/lechtal-alpin.at\/wp-content\/uploads\/2026\/01\/Lechtal_Alpin_Pfeil_blau.png\" alt=\"\" width=\"25\" height=\"19\" \/><\/span><\/strong><strong><span style=\"color: #706f6f;\">GROSSGLOCKNER<br \/>\n<\/span><\/strong><span style=\"color: #706f6f;\">ab \u20ac 395,00<\/span><\/h4>\n<p>[\/vc_cta][\/vc_column_inner][vc_column_inner width=&#8220;1\/3&#8243;][vc_single_image image=&#8220;1184&#8243; img_size=&#8220;full&#8220; onclick=&#8220;custom_link&#8220; css=&#8220;&#8220; link=&#8220;https:\/\/lechtal-alpin.at\/index.php\/deine-hochtour\/&#8220;][vc_cta h2=&#8220;&#8220; txt_align=&#8220;center&#8220; shape=&#8220;square&#8220; style=&#8220;custom&#8220; add_button=&#8220;bottom&#8220; btn_title=&#8220;DETAILS&#8220; btn_style=&#8220;outline-custom&#8220; btn_outline_custom_color=&#8220;#4F84C4&#8243; btn_outline_custom_hover_background=&#8220;#4F84C4&#8243; btn_shape=&#8220;square&#8220; btn_align=&#8220;center&#8220; css=&#8220;.vc_custom_1771837540410{margin-top: -50px !important;border-top-width: 1px !important;border-right-width: 1px !important;border-bottom-width: 1px !important;border-left-width: 1px !important;border-left-style: solid !important;border-right-style: solid !important;border-top-style: solid !important;border-bottom-style: solid !important;border-color: #E3E3E3 !important;}&#8220; custom_text=&#8220;#706F6F&#8220; custom_background=&#8220;#E3E3E3&#8243; btn_link=&#8220;url:https%3A%2F%2Flechtal-alpin.at%2Findex.php%2Fdeine-hochtour%2F|title:Deine%20Hochtour&#8220;]<\/p>\n<h4 style=\"text-align: center;\"><strong><span style=\"color: #706f6f;\"><img loading=\"lazy\" decoding=\"async\" class=\"aligncenter wp-image-1017\" src=\"https:\/\/lechtal-alpin.at\/wp-content\/uploads\/2026\/01\/Lechtal_Alpin_Pfeil_blau.png\" alt=\"\" width=\"25\" height=\"19\" \/><\/span><\/strong><strong><span style=\"color: #706f6f;\">DEINE HOCHTOUR<br \/>\n<\/span><\/strong><span style=\"color: #706f6f;\">ab \u20ac 125,00<\/span><\/h4>\n<p>[\/vc_cta][\/vc_column_inner][\/vc_row_inner][vc_empty_space height=&#8220;80&#8243;][\/vc_column][\/vc_row][vc_row full_width=&#8220;stretch_row&#8220; disable_element=&#8220;yes&#8220; css=&#8220;.vc_custom_1768487270134{background-color: #E3E3E3 !important;}&#8220;][vc_column][vc_empty_space height=&#8220;40&#8243;][vc_custom_heading text=&#8220;FAMILIEN KLETTERSTEIGE&#8220; font_container=&#8220;tag:h4|font_size:30|text_align:center|color:%23AE6523&#8243; google_fonts=&#8220;font_family:Montserrat%3Aregular%2C700|font_style:700%20bold%20regular%3A700%3Anormal&#8220; css=&#8220;.vc_custom_1765532608653{margin-right: 20px !important;margin-left: 20px !important;}&#8220;][vc_empty_space height=&#8220;40&#8243;][vc_row_inner gap=&#8220;10&#8243; css=&#8220;.vc_custom_1767963202748{margin-right: 5px !important;margin-left: 5px !important;}&#8220;][vc_column_inner width=&#8220;1\/3&#8243;][vc_single_image image=&#8220;136&#8243; img_size=&#8220;full&#8220; css=&#8220;&#8220;][vc_cta h2=&#8220;&#8220; txt_align=&#8220;center&#8220; shape=&#8220;square&#8220; style=&#8220;custom&#8220; add_button=&#8220;bottom&#8220; btn_title=&#8220;DETAILS&#8220; btn_style=&#8220;outline-custom&#8220; btn_outline_custom_color=&#8220;#AE6523&#8243; btn_outline_custom_hover_background=&#8220;#AE6523&#8243; btn_shape=&#8220;square&#8220; btn_align=&#8220;center&#8220; css=&#8220;.vc_custom_1769685254811{margin-top: -50px !important;border-top-width: 1px !important;border-right-width: 1px !important;border-bottom-width: 1px !important;border-left-width: 1px !important;border-left-style: solid !important;border-right-style: solid !important;border-top-style: solid !important;border-bottom-style: solid !important;border-color: #FFFFFF !important;}&#8220; custom_text=&#8220;#706F6F&#8220; custom_background=&#8220;#FFFFFF&#8220; btn_link=&#8220;url:https%3A%2F%2Flechtal-alpin.at%2Findex.php%2Ffamily-adventure%2F&#8220;]<\/p>\n<h4 style=\"text-align: center;\"><strong><span style=\"color: #706f6f;\"><img loading=\"lazy\" decoding=\"async\" class=\"aligncenter wp-image-991\" src=\"https:\/\/lechtal-alpin.at\/wp-content\/uploads\/2026\/01\/Lechtal_Alpin_Pfeil_orange_.png\" alt=\"\" width=\"25\" height=\"24\" \/><\/span><\/strong><strong><span style=\"color: #706f6f;\">FAMILY<br \/>\nADVENTURE<br \/>\n<\/span><\/strong><span style=\"color: #706f6f;\">ab \u20ac 89,00<\/span><\/h4>\n<p>[\/vc_cta][vc_empty_space height=&#8220;10&#8243;][vc_icon icon_fontawesome=&#8220;fa fa-solid fa-angle-down&#8220; color=&#8220;custom&#8220; size=&#8220;sm&#8220; align=&#8220;center&#8220; css=&#8220;.vc_custom_1765458741016{margin-top: -30px !important;}&#8220; custom_color=&#8220;#AE6523&#8243;][vc_custom_heading text=&#8220;FAMILY<br \/>\nADVENTURE&#8220; font_container=&#8220;tag:h4|font_size:25|text_align:center|color:%23AE6523&#8243; google_fonts=&#8220;font_family:Montserrat%3Aregular%2C700|font_style:700%20bold%20regular%3A700%3Anormal&#8220; css=&#8220;.vc_custom_1765532527982{margin-top: -30px !important;}&#8220;][vc_custom_heading text=&#8220;ab \u20ac 89,00&#8243; font_container=&#8220;tag:h4|font_size:20|text_align:center|color:%23AE6523&#8243; google_fonts=&#8220;font_family:Montserrat%3Aregular%2C700|font_style:400%20regular%3A400%3Anormal&#8220; css=&#8220;.vc_custom_1765532422017{margin-top: -15px !important;}&#8220;][vc_btn title=&#8220;DETAILS&#8220; style=&#8220;custom&#8220; custom_background=&#8220;#AE6523&#8243; custom_text=&#8220;#FFFFFF&#8220; shape=&#8220;square&#8220; align=&#8220;center&#8220; css=&#8220;&#8220; link=&#8220;url:https%3A%2F%2Flechtal-alpin.at%2Findex.php%2Ffamily-adventure%2F|title:Family%20Adventure&#8220;][\/vc_column_inner][vc_column_inner width=&#8220;1\/3&#8243;][vc_single_image image=&#8220;291&#8243; img_size=&#8220;full&#8220; css=&#8220;&#8220;][vc_empty_space height=&#8220;10&#8243;][vc_icon icon_fontawesome=&#8220;fa fa-solid fa-angle-down&#8220; color=&#8220;custom&#8220; size=&#8220;sm&#8220; align=&#8220;center&#8220; css=&#8220;.vc_custom_1765458741016{margin-top: -30px !important;}&#8220; custom_color=&#8220;#AE6523&#8243;][vc_custom_heading text=&#8220;HANAUER KLETTERSTEIG&#8220; font_container=&#8220;tag:h4|font_size:25|text_align:center|color:%23AE6523&#8243; google_fonts=&#8220;font_family:Montserrat%3Aregular%2C700|font_style:700%20bold%20regular%3A700%3Anormal&#8220; css=&#8220;.vc_custom_1765532538234{margin-top: -30px !important;}&#8220;][vc_custom_heading text=&#8220;ab \u20ac 125,00&#8243; font_container=&#8220;tag:h4|font_size:20|text_align:center|color:%23AE6523&#8243; google_fonts=&#8220;font_family:Montserrat%3Aregular%2C700|font_style:400%20regular%3A400%3Anormal&#8220; css=&#8220;.vc_custom_1765532494050{margin-top: -15px !important;}&#8220;][vc_btn title=&#8220;DETAILS&#8220; style=&#8220;custom&#8220; custom_background=&#8220;#AE6523&#8243; custom_text=&#8220;#FFFFFF&#8220; shape=&#8220;square&#8220; align=&#8220;center&#8220; css=&#8220;&#8220; link=&#8220;url:https%3A%2F%2Flechtal-alpin.at%2Findex.php%2Fhanauer-klettersteig%2F|title:Hanauer%20Klettersteig&#8220;][\/vc_column_inner][vc_column_inner width=&#8220;1\/3&#8243;][vc_single_image image=&#8220;79&#8243; img_size=&#8220;full&#8220; css=&#8220;&#8220;][vc_empty_space height=&#8220;10&#8243;][vc_icon icon_fontawesome=&#8220;fa fa-solid fa-angle-down&#8220; color=&#8220;custom&#8220; size=&#8220;sm&#8220; align=&#8220;center&#8220; css=&#8220;.vc_custom_1765458741016{margin-top: -30px !important;}&#8220; custom_color=&#8220;#AE6523&#8243;][vc_custom_heading text=&#8220;FAMILY ROCK SCHNUPPERN&#8220; font_container=&#8220;tag:h4|font_size:25|text_align:center|color:%23AE6523&#8243; google_fonts=&#8220;font_family:Montserrat%3Aregular%2C700|font_style:700%20bold%20regular%3A700%3Anormal&#8220; css=&#8220;.vc_custom_1765532485858{margin-top: -30px !important;}&#8220;][vc_custom_heading text=&#8220;ab \u20ac 89,00&#8243; font_container=&#8220;tag:h4|font_size:20|text_align:center|color:%23AE6523&#8243; google_fonts=&#8220;font_family:Montserrat%3Aregular%2C700|font_style:400%20regular%3A400%3Anormal&#8220; css=&#8220;.vc_custom_1765532500148{margin-top: -15px !important;}&#8220;][vc_btn title=&#8220;DETAILS&#8220; style=&#8220;custom&#8220; custom_background=&#8220;#AE6523&#8243; custom_text=&#8220;#FFFFFF&#8220; shape=&#8220;square&#8220; align=&#8220;center&#8220; css=&#8220;&#8220; link=&#8220;url:https%3A%2F%2Flechtal-alpin.at%2Findex.php%2Ffamily-rock-schnuppern%2F|title:Family%20Rock%20Schnuppern&#8220;][\/vc_column_inner][\/vc_row_inner][vc_empty_space height=&#8220;80&#8243;][\/vc_column][\/vc_row]<\/p>\n<\/div>","protected":false},"excerpt":{"rendered":"<p>[vc_row full_width=&#8220;stretch_row&#8220; disable_element=&#8220;yes&#8220; css=&#8220;.vc_custom_1769689832634{margin-top: -40px !important;background-color: #E3E3E3 !important;background-position: center !important;background-repeat: no-repeat !important;background-size: cover !important;}&#8220;][vc_column width=&#8220;1\/6&#8243;][\/vc_column][vc_column width=&#8220;2\/3&#8243;][vc_column_text css=&#8220;&#8220;][\/vc_column_text][vc_custom_heading text=&#8220;SKI HOCHTOUREN&#8220; font_container=&#8220;tag:h4|font_size:30|text_align:center|color:%23575756&#8243; google_fonts=&#8220;font_family:Montserrat%3Aregular%2C700|font_style:700%20bold%20regular%3A700%3Anormal&#8220; css=&#8220;.vc_custom_1768486788954{margin-right: 20px !important;margin-left: 20px !important;}&#8220;][vc_custom_heading text=&#8220;Unsere Angebote&#8220; font_container=&#8220;tag:h4|font_size:30|text_align:center|color:%23575756&#8243; google_fonts=&#8220;font_family:Montserrat%3Aregular%2C700|font_style:400%20regular%3A400%3Anormal&#8220; css=&#8220;.vc_custom_1768487250248{margin-top: -20px !important;}&#8220;][vc_icon icon_fontawesome=&#8220;fa fa-solid fa-circle-arrow-down&#8220; color=&#8220;custom&#8220; align=&#8220;center&#8220; css=&#8220;&#8220; custom_color=&#8220;#575756&#8243;][\/vc_column][vc_column width=&#8220;1\/6&#8243;][\/vc_column][\/vc_row][vc_row css=&#8220;.vc_custom_1765532115639{background-color: #E3E3E300 !important;}&#8220;][vc_column][vc_empty_space height=&#8220;40&#8243;][vc_custom_heading text=&#8220;BERGKLASSIKER&#8220; font_container=&#8220;tag:h4|font_size:30|text_align:center|color:%234F84C4&#8243; google_fonts=&#8220;font_family:Montserrat%3Aregular%2C700|font_style:700%20bold%20regular%3A700%3Anormal&#8220; css=&#8220;.vc_custom_1769690131181{margin-right: 20px [&hellip;]<\/p>\n","protected":false},"author":4,"featured_media":934,"parent":0,"menu_order":0,"comment_status":"closed","ping_status":"closed","template":"","meta":{"inspiro_page_layout":"narrow","inspiro_hide_title":false,"footnotes":""},"class_list":["post-726","page","type-page","status-publish","has-post-thumbnail","hentry"],"yoast_head":"<!-- This site is optimized with the Yoast SEO plugin v27.3 - https:\/\/yoast.com\/product\/yoast-seo-wordpress\/ -->\n<title>Ski Hochtouren in Tirol - Lechtal Alpin<\/title>\n<meta name=\"description\" content=\"Mit Ski auf die h\u00f6chsten Gipfel von Tirol, Wildspitze und Gro\u00dfglockner mit erfahrenem &amp; einheimischem Bergf\u00fchrer\" \/>\n<meta name=\"robots\" content=\"index, follow, max-snippet:-1, max-image-preview:large, max-video-preview:-1\" \/>\n<link rel=\"canonical\" href=\"https:\/\/lechtal-alpin.at\/index.php\/ski-hochtouren\/\" \/>\n<meta property=\"og:locale\" content=\"de_DE\" \/>\n<meta property=\"og:type\" content=\"article\" \/>\n<meta property=\"og:title\" content=\"Ski Hochtouren in Tirol - Lechtal Alpin\" \/>\n<meta property=\"og:description\" content=\"Mit Ski auf die h\u00f6chsten Gipfel von Tirol, Wildspitze und Gro\u00dfglockner mit erfahrenem &amp; einheimischem Bergf\u00fchrer\" \/>\n<meta property=\"og:url\" content=\"https:\/\/lechtal-alpin.at\/index.php\/ski-hochtouren\/\" \/>\n<meta property=\"og:site_name\" content=\"Lechtal Alpin\" \/>\n<meta property=\"article:modified_time\" content=\"2026-04-10T09:56:33+00:00\" \/>\n<meta property=\"og:image\" content=\"https:\/\/lechtal-alpin.at\/wp-content\/uploads\/2026\/01\/Lechtal_alpin_Skihochtouren_Beitragsbild_1.jpg\" \/>\n\t<meta property=\"og:image:width\" content=\"1800\" \/>\n\t<meta property=\"og:image:height\" content=\"1000\" \/>\n\t<meta property=\"og:image:type\" content=\"image\/jpeg\" \/>\n<meta name=\"twitter:card\" content=\"summary_large_image\" \/>\n<meta name=\"twitter:label1\" content=\"Gesch\u00e4tzte Lesezeit\" \/>\n\t<meta name=\"twitter:data1\" content=\"5 Minuten\" \/>\n<script type=\"application\/ld+json\" class=\"yoast-schema-graph\">{\"@context\":\"https:\\\/\\\/schema.org\",\"@graph\":[{\"@type\":\"WebPage\",\"@id\":\"https:\\\/\\\/lechtal-alpin.at\\\/index.php\\\/ski-hochtouren\\\/\",\"url\":\"https:\\\/\\\/lechtal-alpin.at\\\/index.php\\\/ski-hochtouren\\\/\",\"name\":\"Ski Hochtouren in Tirol - Lechtal Alpin\",\"isPartOf\":{\"@id\":\"https:\\\/\\\/lechtal-alpin.at\\\/#website\"},\"primaryImageOfPage\":{\"@id\":\"https:\\\/\\\/lechtal-alpin.at\\\/index.php\\\/ski-hochtouren\\\/#primaryimage\"},\"image\":{\"@id\":\"https:\\\/\\\/lechtal-alpin.at\\\/index.php\\\/ski-hochtouren\\\/#primaryimage\"},\"thumbnailUrl\":\"https:\\\/\\\/lechtal-alpin.at\\\/wp-content\\\/uploads\\\/2026\\\/01\\\/Lechtal_alpin_Skihochtouren_Beitragsbild_1.jpg\",\"datePublished\":\"2026-01-15T14:21:36+00:00\",\"dateModified\":\"2026-04-10T09:56:33+00:00\",\"description\":\"Mit Ski auf die h\u00f6chsten Gipfel von Tirol, Wildspitze und Gro\u00dfglockner mit erfahrenem & einheimischem Bergf\u00fchrer\",\"breadcrumb\":{\"@id\":\"https:\\\/\\\/lechtal-alpin.at\\\/index.php\\\/ski-hochtouren\\\/#breadcrumb\"},\"inLanguage\":\"de-AT\",\"potentialAction\":[{\"@type\":\"ReadAction\",\"target\":[\"https:\\\/\\\/lechtal-alpin.at\\\/index.php\\\/ski-hochtouren\\\/\"]}]},{\"@type\":\"ImageObject\",\"inLanguage\":\"de-AT\",\"@id\":\"https:\\\/\\\/lechtal-alpin.at\\\/index.php\\\/ski-hochtouren\\\/#primaryimage\",\"url\":\"https:\\\/\\\/lechtal-alpin.at\\\/wp-content\\\/uploads\\\/2026\\\/01\\\/Lechtal_alpin_Skihochtouren_Beitragsbild_1.jpg\",\"contentUrl\":\"https:\\\/\\\/lechtal-alpin.at\\\/wp-content\\\/uploads\\\/2026\\\/01\\\/Lechtal_alpin_Skihochtouren_Beitragsbild_1.jpg\",\"width\":1800,\"height\":1000},{\"@type\":\"BreadcrumbList\",\"@id\":\"https:\\\/\\\/lechtal-alpin.at\\\/index.php\\\/ski-hochtouren\\\/#breadcrumb\",\"itemListElement\":[{\"@type\":\"ListItem\",\"position\":1,\"name\":\"Startseite\",\"item\":\"https:\\\/\\\/lechtal-alpin.at\\\/\"},{\"@type\":\"ListItem\",\"position\":2,\"name\":\"Ski Hochtouren\"}]},{\"@type\":\"WebSite\",\"@id\":\"https:\\\/\\\/lechtal-alpin.at\\\/#website\",\"url\":\"https:\\\/\\\/lechtal-alpin.at\\\/\",\"name\":\"Lechtal Alpin\",\"description\":\"\",\"publisher\":{\"@id\":\"https:\\\/\\\/lechtal-alpin.at\\\/#\\\/schema\\\/person\\\/c379d06227bea9bcc3119575c50a158d\"},\"potentialAction\":[{\"@type\":\"SearchAction\",\"target\":{\"@type\":\"EntryPoint\",\"urlTemplate\":\"https:\\\/\\\/lechtal-alpin.at\\\/?s={search_term_string}\"},\"query-input\":{\"@type\":\"PropertyValueSpecification\",\"valueRequired\":true,\"valueName\":\"search_term_string\"}}],\"inLanguage\":\"de-AT\"},{\"@type\":[\"Person\",\"Organization\"],\"@id\":\"https:\\\/\\\/lechtal-alpin.at\\\/#\\\/schema\\\/person\\\/c379d06227bea9bcc3119575c50a158d\",\"name\":\"Marvin K\u00e4rle\",\"image\":{\"@type\":\"ImageObject\",\"inLanguage\":\"de-AT\",\"@id\":\"https:\\\/\\\/lechtal-alpin.at\\\/wp-content\\\/uploads\\\/2026\\\/04\\\/Logo_Lechtal-Alpin_nur-Schrift-LA-scaled.png\",\"url\":\"https:\\\/\\\/lechtal-alpin.at\\\/wp-content\\\/uploads\\\/2026\\\/04\\\/Logo_Lechtal-Alpin_nur-Schrift-LA-scaled.png\",\"contentUrl\":\"https:\\\/\\\/lechtal-alpin.at\\\/wp-content\\\/uploads\\\/2026\\\/04\\\/Logo_Lechtal-Alpin_nur-Schrift-LA-scaled.png\",\"width\":2560,\"height\":1707,\"caption\":\"Marvin K\u00e4rle\"},\"logo\":{\"@id\":\"https:\\\/\\\/lechtal-alpin.at\\\/wp-content\\\/uploads\\\/2026\\\/04\\\/Logo_Lechtal-Alpin_nur-Schrift-LA-scaled.png\"}}]}<\/script>\n<!-- \/ Yoast SEO plugin. -->","yoast_head_json":{"title":"Ski Hochtouren in Tirol - Lechtal Alpin","description":"Mit Ski auf die h\u00f6chsten Gipfel von Tirol, Wildspitze und Gro\u00dfglockner mit erfahrenem & einheimischem Bergf\u00fchrer","robots":{"index":"index","follow":"follow","max-snippet":"max-snippet:-1","max-image-preview":"max-image-preview:large","max-video-preview":"max-video-preview:-1"},"canonical":"https:\/\/lechtal-alpin.at\/index.php\/ski-hochtouren\/","og_locale":"de_DE","og_type":"article","og_title":"Ski Hochtouren in Tirol - Lechtal Alpin","og_description":"Mit Ski auf die h\u00f6chsten Gipfel von Tirol, Wildspitze und Gro\u00dfglockner mit erfahrenem & einheimischem Bergf\u00fchrer","og_url":"https:\/\/lechtal-alpin.at\/index.php\/ski-hochtouren\/","og_site_name":"Lechtal Alpin","article_modified_time":"2026-04-10T09:56:33+00:00","og_image":[{"width":1800,"height":1000,"url":"https:\/\/lechtal-alpin.at\/wp-content\/uploads\/2026\/01\/Lechtal_alpin_Skihochtouren_Beitragsbild_1.jpg","type":"image\/jpeg"}],"twitter_card":"summary_large_image","twitter_misc":{"Gesch\u00e4tzte Lesezeit":"5 Minuten"},"schema":{"@context":"https:\/\/schema.org","@graph":[{"@type":"WebPage","@id":"https:\/\/lechtal-alpin.at\/index.php\/ski-hochtouren\/","url":"https:\/\/lechtal-alpin.at\/index.php\/ski-hochtouren\/","name":"Ski Hochtouren in Tirol - Lechtal Alpin","isPartOf":{"@id":"https:\/\/lechtal-alpin.at\/#website"},"primaryImageOfPage":{"@id":"https:\/\/lechtal-alpin.at\/index.php\/ski-hochtouren\/#primaryimage"},"image":{"@id":"https:\/\/lechtal-alpin.at\/index.php\/ski-hochtouren\/#primaryimage"},"thumbnailUrl":"https:\/\/lechtal-alpin.at\/wp-content\/uploads\/2026\/01\/Lechtal_alpin_Skihochtouren_Beitragsbild_1.jpg","datePublished":"2026-01-15T14:21:36+00:00","dateModified":"2026-04-10T09:56:33+00:00","description":"Mit Ski auf die h\u00f6chsten Gipfel von Tirol, Wildspitze und Gro\u00dfglockner mit erfahrenem & einheimischem Bergf\u00fchrer","breadcrumb":{"@id":"https:\/\/lechtal-alpin.at\/index.php\/ski-hochtouren\/#breadcrumb"},"inLanguage":"de-AT","potentialAction":[{"@type":"ReadAction","target":["https:\/\/lechtal-alpin.at\/index.php\/ski-hochtouren\/"]}]},{"@type":"ImageObject","inLanguage":"de-AT","@id":"https:\/\/lechtal-alpin.at\/index.php\/ski-hochtouren\/#primaryimage","url":"https:\/\/lechtal-alpin.at\/wp-content\/uploads\/2026\/01\/Lechtal_alpin_Skihochtouren_Beitragsbild_1.jpg","contentUrl":"https:\/\/lechtal-alpin.at\/wp-content\/uploads\/2026\/01\/Lechtal_alpin_Skihochtouren_Beitragsbild_1.jpg","width":1800,"height":1000},{"@type":"BreadcrumbList","@id":"https:\/\/lechtal-alpin.at\/index.php\/ski-hochtouren\/#breadcrumb","itemListElement":[{"@type":"ListItem","position":1,"name":"Startseite","item":"https:\/\/lechtal-alpin.at\/"},{"@type":"ListItem","position":2,"name":"Ski Hochtouren"}]},{"@type":"WebSite","@id":"https:\/\/lechtal-alpin.at\/#website","url":"https:\/\/lechtal-alpin.at\/","name":"Lechtal Alpin","description":"","publisher":{"@id":"https:\/\/lechtal-alpin.at\/#\/schema\/person\/c379d06227bea9bcc3119575c50a158d"},"potentialAction":[{"@type":"SearchAction","target":{"@type":"EntryPoint","urlTemplate":"https:\/\/lechtal-alpin.at\/?s={search_term_string}"},"query-input":{"@type":"PropertyValueSpecification","valueRequired":true,"valueName":"search_term_string"}}],"inLanguage":"de-AT"},{"@type":["Person","Organization"],"@id":"https:\/\/lechtal-alpin.at\/#\/schema\/person\/c379d06227bea9bcc3119575c50a158d","name":"Marvin K\u00e4rle","image":{"@type":"ImageObject","inLanguage":"de-AT","@id":"https:\/\/lechtal-alpin.at\/wp-content\/uploads\/2026\/04\/Logo_Lechtal-Alpin_nur-Schrift-LA-scaled.png","url":"https:\/\/lechtal-alpin.at\/wp-content\/uploads\/2026\/04\/Logo_Lechtal-Alpin_nur-Schrift-LA-scaled.png","contentUrl":"https:\/\/lechtal-alpin.at\/wp-content\/uploads\/2026\/04\/Logo_Lechtal-Alpin_nur-Schrift-LA-scaled.png","width":2560,"height":1707,"caption":"Marvin K\u00e4rle"},"logo":{"@id":"https:\/\/lechtal-alpin.at\/wp-content\/uploads\/2026\/04\/Logo_Lechtal-Alpin_nur-Schrift-LA-scaled.png"}}]}},"_links":{"self":[{"href":"https:\/\/lechtal-alpin.at\/index.php\/wp-json\/wp\/v2\/pages\/726","targetHints":{"allow":["GET"]}}],"collection":[{"href":"https:\/\/lechtal-alpin.at\/index.php\/wp-json\/wp\/v2\/pages"}],"about":[{"href":"https:\/\/lechtal-alpin.at\/index.php\/wp-json\/wp\/v2\/types\/page"}],"author":[{"embeddable":true,"href":"https:\/\/lechtal-alpin.at\/index.php\/wp-json\/wp\/v2\/users\/4"}],"replies":[{"embeddable":true,"href":"https:\/\/lechtal-alpin.at\/index.php\/wp-json\/wp\/v2\/comments?post=726"}],"version-history":[{"count":16,"href":"https:\/\/lechtal-alpin.at\/index.php\/wp-json\/wp\/v2\/pages\/726\/revisions"}],"predecessor-version":[{"id":1359,"href":"https:\/\/lechtal-alpin.at\/index.php\/wp-json\/wp\/v2\/pages\/726\/revisions\/1359"}],"wp:featuredmedia":[{"embeddable":true,"href":"https:\/\/lechtal-alpin.at\/index.php\/wp-json\/wp\/v2\/media\/934"}],"wp:attachment":[{"href":"https:\/\/lechtal-alpin.at\/index.php\/wp-json\/wp\/v2\/media?parent=726"}],"curies":[{"name":"wp","href":"https:\/\/api.w.org\/{rel}","templated":true}]}}